) = -x**3 - 8*x**2 + 14*x + 9. Calculate m(-9).
-36
Let a(v) = 3*v**2 - 4*v + 3. Give a(-4).
67
Let y(n) = n**3 + 67*n**2 - 67*n + 67. Give y(-68).
-1
Let f(b) = b**3 - 24*b**2 + 42*b + 30. Give f(22).
-14
Let k(p) = p**3 + 39*p**2 - 170*p - 51. What is k(-43)?
-137
Let n(a) = 2*a**3 + 19*a**2 - 17*a - 97. What is n(-10)?
-27
Let k(d) = -7*d + 77. Determine k(-10).
147
Let b(v) = -44*v - 209. Determine b(-14).
407
Let d(j) = 2*j**3 - 41*j**2 + 25*j - 47. Calculate d(20).
53
Let s(b) = 43*b - 91. What is s(6)?
167
Let p(c) = 46*c - 128. Determine p(3).
10
Let l(r) = 21*r - 65. Give l(16).
271
Let m(q) = -q**3 + 3*q**2 - 12*q + 27. Determine m(3).
-9
Let b(v) = 189*v**2 + 755*v - 9. Give b(-4).
-5
Let v(k) = k**2 + 745*k - 15304. What is v(20)?
-4
Let t(u) = -9*u**2 - 398*u + 310. Give t(-45).
-5
Let d(v) = -25*v**3 + 11*v**2 - 11*v - 1. Calculate d(1).
-26
Let w(r) = -14*r**2 - 105*r - 15. What is w(-6)?
111
Let w(v) = -2*v**2 + 60*v - 270. Calculate w(5).
-20
Let a(n) = -n**3 + 10*n**2 + 10*n - 98. Give a(10).
2
Let i(s) = -s**2 + 41*s - 61. Determine i(33).
203
Let f(l) = l**3 + 2*l**2 - 46*l - 23. Determine f(-8).
-39
Let b(c) = -240*c**2 + 5*c + 1. Calculate b(-1).
-244
Let k(b) = -b**2 + 4202*b - 137582. Determine k(33).
-5
Let a(m) = m**2 - 46*m + 55. What is a(23)?
-474
Let p(r) = -r**3 - 8*r**2 + 2*r - 26. What is p(-8)?
-42
Let g(a) = 115*a + 1776. Calculate g(-16).
-64
Let k(s) = -79*s + 5608. Give k(71).
-1
Let h(o) = -3*o**2 + 64*o + 270. Give h(25).
-5
Let o(y) = y**3 - 21*y**2 - 28*y - 20. Determine o(21).
-608
Let c(h) = 12*h**3 - 57*h**2 + h - 7. Calculate c(5).
73
Let i(q) = -q**2 - 43*q + 136. Give i(-47).
-52
Let z(m) = m**3 + 12*m**2 - 2*m - 32. Calculate z(-12).
-8
Let j(u) = -8*u - 79. Calculate j(-17).
57
Let z(u) = -74*u + 95. Give z(-3).
317
Let n(v) = v**3 + 19*v**2 + 5*v + 47. Give n(-19).
-48
Let w(o) = o**2 - 40*o + 99. What is w(36)?
-45
Let b(y) = 255*y - 17085. Give b(67).
0
Let v(d) = -143*d - 7858. What is v(-55)?
7
Let z(d) = -8*d**3 + 2*d**2 - 4*d + 3. Determine z(-2).
83
Let q(t) = t**3 + 9*t**2 + 35*t - 35. Calculate q(-8).
-251
Let r(z) = 2*z + 80. Determine r(-39).
2
Let x(w) = 16*w**2 + 84*w + 84. Calculate x(-1).
16
Let w(s) = -s**3 - 2*s**2 + s + 16. Calculate w(0).
16
Let a(s) = 4*s**2 + 42*s - 635. Determine a(8).
-43
Let o(q) = -49*q**2 + 12*q + 9. Give o(-1).
-52
Let j(m) = 3*m**3 - 189*m**2 - 192*m + 4. Determine j(64).
4
Let q(c) = -c**2 + 31*c - 123. What is q(25)?
27
Let c(y) = -3*y + 47. Determine c(-44).
179
Let y(v) = -4381*v - 4347. Calculate y(-1).
34
Let f(p) = -30*p - 12. Determine f(12).
-372
Let v(c) = -119*c + 18547. Calculate v(155).
102
Let i(z) = 13*z**2 + 17*z - 9. Give i(-2).
9
Let t(l) = -3*l**2 + 95*l - 49. Calculate t(34).
-287
Let i(s) = 2*s**2 - 112*s - 740. What is i(62)?
4
Let b(j) = 1500*j + 288. Calculate b(-1).
-1212
Let z(o) = -o**3 - 39*o**2 - 511*o - 22034. Calculate z(-40).
6
Let n(v) = 236*v - 1863. Give n(8).
25
Let q(o) = -3*o**2 - 168*o - 1849. Calculate q(-15).
-4
Let x(l) = -l**2 - 92*l + 4784. Give x(37).
11
Let d(v) = 6*v**2 - 59*v - 5. What is d(12)?
151
Let y(r) = 2*r + 1. Calculate y(-11).
-21
Let c(q) = -2*q**3 + 55*q**2 + 9*q + 399. What is c(28)?
-133
Let s(r) = 7940*r + 23826. Determine s(-3).
6
Let g(m) = -8*m**2 + 154*m - 10. Calculate g(9).
728
Let i(t) = -1270*t - 21603. Determine i(-17).
-13
Let i(b) = -b**2 + 1515*b - 7565. Calculate i(5).
-15
Let g(k) = 2*k**3 - 19*k**2 + 13*k - 37. Give g(9).
-1
Let u(z) = 13*z**3 - 4*z**2 - 2*z + 1. Calculate u(-1).
-14
Let y(v) = -50*v + 210. Give y(4).
10
Let m(r) = -1770*r**2 - 3543*r + 5. Give m(-2).
11
Let z(c) = 2*c**2 - 56*c + 254. What is z(20)?
-66
Let x(m) = m**2 - 41*m + 113. Determine x(37).
-35
Let a(x) = -x**3 + 7*x**2 - 17*x + 35. What is a(5)?
0
Let f(u) = -3*u**3 - 9*u**2 + 5*u + 23. What is f(-3)?
8
Let k(j) = 110*j - 1542. Give k(14).
-2
Let l(h) = 5*h**2 + 248*h - 137. Determine l(-50).
-37
Let t(u) = 61*u**3 - u**2 - 4*u + 5. What is t(1)?
61
Let k(s) = 27*s - 623. Calculate k(23).
-2
Let d(f) = -380*f + 16. Determine d(0).
16
Let t(i) = 4*i**2 + 145*i - 445. Determine t(3).
26
Let h(z) = 7*z**3 - 23*z**2 + 8*z - 5. Calculate h(3).
1
Let k(m) = -83*m**2 - 2156*m + 30. Determine k(-26).
-22
Let j(g) = g**3 - 30*g**2 + 35*g + 596. What is j(28)?
8
Let p(a) = 1362*a + 16335. Calculate p(-12).
-9
Let t(s) = -2*s**2 + 69*s - 421. What is t(8)?
3
Let w(q) = 108*q - 1351. Give w(12).
-55
Let o(w) = 258*w**3 + 4*w**2 + 2*w + 1. Give o(-1).
-255
Let j(n) = 25*n + 953. Calculate j(-38).
3
Let t(u) = 43*u - 2976. Give t(69).
-9
Let l(u) = 535*u - 5367. What is l(10)?
-17
Let o(z) = -162*z + 1717. Give o(14).
-551
Let k(w) = 42*w**2 - 161*w + 35. Determine k(4).
63
Let d(h) = -646*h**2 + 107*h - 108. Determine d(1).
-647
Let q(c) = 80*c + 588. Determine q(-14).
-532
Let l(r) = -r**3 + 19*r**2 - 88*r - 16. Determine l(8).
-16
Let c(x) = x**3 + 11*x**2 + 34*x + 234. What is c(-10)?
-6
Let d(i) = 798*i + 87792. Determine d(-110).
12
Let g(u) = -3*u**2 + 220*u - 266. Give g(72).
22
Let s(j) = j**2 - 62*j - 1435. Give s(-18).
5
Let b(z) = 71*z - 2711. Determine b(38).
-13
Let b(o) = 2*o**3 - 38*o**2 - 6. Give b(19).
-6
Let z(i) = i**3 - 9*i**2 + 6*i + 79. Calculate z(6).
7
Let j(d) = d**3 - 11*d**2 - 94*d + 1235. Give j(13).
351
Let i(x) = x**3 - 135*x**2 + 391*x + 674. Give i(132).
14
Let m(t) = -54*t - 276. What is m(-7)?
102
Let r(a) = -3*a - 26. Calculate r(0).
-26
Let x(v) = -5*v**3 - 57*v**2 + 105*v + 13. Calculate x(2).
-45
Let c(p) = -2*p**3 + 42*p**2 + 23*p + 101. Determine c(22).
-361
Let l(s) = -396*s + 791. Calculate l(2).
-1
Let y(p) = 23*p - 5. Determine y(12).
271
Let h(z) = -z**3 - 10*z**2 + 11*z + 122. Give h(-10).
12
Let t(w) = -189*w**2 + 3*w - 2. Determine t(-1).
-194
Let g(w) = 2*w**3 - 86*w**2 - 4*w + 5. What is g(43)?
-167
Let k(z) = 2*z**2 + 113*z - 371. Calculate k(-60).
49
Let n(b) = 22*b + 57. Calculate n(3).
123
Let s(l) = 124*l - 3136. What is s(25)?
-36
Let c(n) = -32*n - 356. Determine c(-11).
-4
Let r(g) = g**3 + 10*g**2 + 8*g - 9. Determine r(-9).
0
Let l(o) = -4*o**2 + 68*o - 70. Give l(1).
-6
Let r(z) = 2*z**3 + 13*z**2 + 5*z + 12. What is r(-7)?
-72
Let m(c) = c**3 - 4*c**2 - 118*c + 1. What is m(13)?
-12
Let x(c) = -556*c + 3340. What is x(6)?
4
Let h(x) = -x**2 + 38*x + 1497. Determine h(62).
9
Let i(r) = -r**2 + 72*r - 732. Determine i(60).
-12
Let b(d) = -12*d**2 + 109*d - 2. Determine b(9).
7
Let j(r) = -187*r + 751. Give j(4).
3
Let m(j) = 10*j**3 + 7*j**2 - 11*j + 11. Give m(1).
17
Let p(r) = r**2 + 20*r - 23015. Determine p(-162).
-11
Let u(x) = -x**2 + x + 64. Calculate u(18).
-242
Let v(c) = -c**3 - 140*c**2 - 2*c - 346. Give v(-140).
-66
Let k(s) = -12*s + 19. Determine k(-13).
175
Let f(s) = -s**2 + 27*s - 188. Calculate f(22).
-78
Let u(c) = 914*c - 13693. What is u(15)?
17
Let j(h) = h**2 - 96*h - 843. Give j(-8).
-11
Let c(b) = 44*b**2 - 709*b + 22. Give c(16).
-58
Let s(r) = -6*r**3 + 236*r**2 - 73*r - 200. Determine s(39).
-5
Let f(k) = -1732*k - 19060. Give f(-11).
-8
Let q(i) = -20*i + 451. Give q(17).
111
Let g(i) = -i**3 + 32*i**2 - 86*i - 4. Give g(29).
25
Let m(i) = -66*i + 411. Give m(8).
-117
Let y(f) = -f**2 - 402*f - 11619. Give y(-31).
-118
Let m(a) = -a**3 - 12*a**2 + 39*a + 36. Determine m(-15).
126
Let l(r) = r**3 - 2*r**2 + 77*r - 304. Determine l(6).
302
Let o(l) = l**2 + 12*l - 198. Give o(-22).
22
Let v(d) = -d**2 + 64*d + 3599. Determine v(-36).
-1
Let g(z) = -z**3 + 88*z**2 + 89*z - 6. Give g(89).
-6
Let v(n) = 20*n + 422. Give v(-16).
102
Let z(b) = -67*b - 1208. Calculate z(-18).
-2
Let c(o) = o**3 + 4*o**2 + 2*o + 6. Calculate c(-4).
-2
Let q(m) = 145*m**2 + 14*m + 25. What is q(-2)?
577
Let u(l) = -4*l**2 - 68*l - 14. Calculate u(2).
-166
Let d(a) = -1481*a + 2988. Calculate d(2).
26
Let l(b) = -b**3 - 20*b**2 + 103*b + 48. What is l(-24)?
-120
Let z(o) = o**2 - 33*o + 129. Determine z(6).
-33
Let o(r) = 35*r + 2891. Determine o(-82).
21
Let g(a) = 6294*a + 12586. Calculate g(-2).
-2
Let r(x) = -x**2 - 29*x + 324. Give r(9).
-18
Let d(k) = -87*k + 906. Determine d(10).
36
Let d(j) = -1811*j + 1811. Give d(1).
0
Let w(o) = -147*o + 10607. Calculate w(72).
23
Let x(a) = -380*a**3 + 2*a**2 - 4*a + 4. Determine x(1).
-378
Let g(